{"id":692,"date":"2022-09-02T13:17:45","date_gmt":"2022-09-02T11:17:45","guid":{"rendered":"http:\/\/www.thorsten-schneider.com\/blog\/?page_id=692"},"modified":"2023-12-25T14:27:48","modified_gmt":"2023-12-25T13:27:48","slug":"watchofthering","status":"publish","type":"page","link":"https:\/\/www.thorsten-schneider.com\/blog\/watchofthering\/","title":{"rendered":"Watch Of The Ring"},"content":{"rendered":"\n<figure class=\"wp-block-image size-large\"><img loading=\"lazy\" decoding=\"async\" width=\"1024\" height=\"768\" src=\"https:\/\/www.thorsten-schneider.com\/blog\/wp-content\/uploads\/2023\/12\/watch_of_the_ring-1024x768.jpeg\" alt=\"\" class=\"wp-image-2583\" srcset=\"https:\/\/www.thorsten-schneider.com\/blog\/wp-content\/uploads\/2023\/12\/watch_of_the_ring-1024x768.jpeg 1024w, https:\/\/www.thorsten-schneider.com\/blog\/wp-content\/uploads\/2023\/12\/watch_of_the_ring-300x225.jpeg 300w, https:\/\/www.thorsten-schneider.com\/blog\/wp-content\/uploads\/2023\/12\/watch_of_the_ring-768x576.jpeg 768w, https:\/\/www.thorsten-schneider.com\/blog\/wp-content\/uploads\/2023\/12\/watch_of_the_ring-1536x1152.jpeg 1536w, https:\/\/www.thorsten-schneider.com\/blog\/wp-content\/uploads\/2023\/12\/watch_of_the_ring.jpeg 1600w\" sizes=\"auto, (max-width: 767px) 89vw, (max-width: 1000px) 54vw, (max-width: 1071px) 543px, 580px\" \/><\/figure>\n\n\n\n<figure class=\"wp-block-table is-style-stripes\"><table><tbody><tr><td>Inspiration<\/td><td>&#8211;<\/td><\/tr><tr><td>Basis<\/td><td>Vostok Komandirskie 341XXX<\/td><\/tr><tr><td>Geh\u00e4use<\/td><td>341 Messing <strong>entchromt, mattiert &amp; patiniert<\/strong><\/td><\/tr><tr><td>Geh\u00e4useboden<\/td><td>Komandirskie Edelstahl<\/td><\/tr><tr><td><\/td><td><\/td><\/tr><tr><td>Zifferblatt<\/td><td><strong>Vostokmod LOTR-JRRT Messing<\/strong><\/td><\/tr><tr><td>Werk<\/td><td>Vostok 2409A Handaufzug<\/td><\/tr><tr><td>Werkhaltering<\/td><td>Edelstahl<\/td><\/tr><tr><td>Armierungsring<\/td><td>&#8211;<\/td><\/tr><tr><td>Datumsscheibe<\/td><td>&#8211;<\/td><\/tr><tr><td>Stundenzeiger<\/td><td><strong>Partner Messing<\/strong><\/td><\/tr><tr><td>Minutenzeiger<\/td><td><strong>Partner Messing<\/strong><\/td><\/tr><tr><td>Sekundenzeiger<\/td><td>&#8211;<\/td><\/tr><tr><td>Krone<\/td><td><strong>Messing gew\u00f6lbt, entchromt &amp; patiniert<\/strong><\/td><\/tr><tr><td>L\u00fcnette<\/td><td><strong>Vostok 201 Messing entchromt, mattiert &amp; patiniert<\/strong><\/td><\/tr><tr><td>L\u00fcnetteninlay<\/td><td>&#8211;<\/td><\/tr><tr><td><\/td><td><\/td><\/tr><tr><td>Single Pass Strap<\/td><td><strong>Leder mittelbraun selfmade mit Bronze-Dornschlie\u00dfe<\/strong><\/td><\/tr><\/tbody><\/table><figcaption class=\"wp-element-caption\">Alle von mir durchgef\u00fchrten \u00c4nderungen zum Serienmodell und das auf dem Foto abgebildete Band sind <strong>fett<\/strong> markiert.<\/figcaption><\/figure>\n\n\n\n<p><a href=\"https:\/\/www.thorsten-schneider.com\/blog\/the-brass-band\/\" data-type=\"page\" data-id=\"1178\">zur\u00fcck zur Auswahl &gt;<\/a><\/p>\n","protected":false},"excerpt":{"rendered":"<p>Inspiration &#8211; Basis Vostok Komandirskie 341XXX Geh\u00e4use 341 Messing entchromt, mattiert &amp; patiniert Geh\u00e4useboden Komandirskie Edelstahl Zifferblatt Vostokmod LOTR-JRRT Messing Werk Vostok 2409A Handaufzug Werkhaltering Edelstahl Armierungsring &#8211; Datumsscheibe &#8211; Stundenzeiger Partner Messing Minutenzeiger Partner Messing Sekundenzeiger &#8211; Krone Messing gew\u00f6lbt, entchromt &amp; patiniert L\u00fcnette Vostok 201 Messing entchromt, mattiert &amp; patiniert L\u00fcnetteninlay &#8211; Single &hellip; <\/p>\n<p class=\"link-more\"><a href=\"https:\/\/www.thorsten-schneider.com\/blog\/watchofthering\/\" class=\"more-link\"><span class=\"screen-reader-text\">\u201eWatch Of The Ring\u201c <\/span>weiterlesen<\/a><\/p>\n","protected":false},"author":1,"featured_media":0,"parent":0,"menu_order":0,"comment_status":"closed","ping_status":"closed","template":"","meta":{"footnotes":""},"class_list":["post-692","page","type-page","status-publish","hentry"],"_links":{"self":[{"href":"https:\/\/www.thorsten-schneider.com\/blog\/wp-json\/wp\/v2\/pages\/692","targetHints":{"allow":["GET"]}}],"collection":[{"href":"https:\/\/www.thorsten-schneider.com\/blog\/wp-json\/wp\/v2\/pages"}],"about":[{"href":"https:\/\/www.thorsten-schneider.com\/blog\/wp-json\/wp\/v2\/types\/page"}],"author":[{"embeddable":true,"href":"https:\/\/www.thorsten-schneider.com\/blog\/wp-json\/wp\/v2\/users\/1"}],"replies":[{"embeddable":true,"href":"https:\/\/www.thorsten-schneider.com\/blog\/wp-json\/wp\/v2\/comments?post=692"}],"version-history":[{"count":13,"href":"https:\/\/www.thorsten-schneider.com\/blog\/wp-json\/wp\/v2\/pages\/692\/revisions"}],"predecessor-version":[{"id":2585,"href":"https:\/\/www.thorsten-schneider.com\/blog\/wp-json\/wp\/v2\/pages\/692\/revisions\/2585"}],"wp:attachment":[{"href":"https:\/\/www.thorsten-schneider.com\/blog\/wp-json\/wp\/v2\/media?parent=692"}],"curies":[{"name":"wp","href":"https:\/\/api.w.org\/{rel}","templated":true}]}}