{"id":640,"date":"2022-09-02T13:18:00","date_gmt":"2022-09-02T11:18:00","guid":{"rendered":"http:\/\/www.thorsten-schneider.com\/blog\/?page_id=640"},"modified":"2022-12-22T11:14:13","modified_gmt":"2022-12-22T10:14:13","slug":"la-violetta","status":"publish","type":"page","link":"https:\/\/www.thorsten-schneider.com\/blog\/la-violetta\/","title":{"rendered":"La Violetta"},"content":{"rendered":"\n<figure class=\"wp-block-image size-large\"><img loading=\"lazy\" decoding=\"async\" width=\"1024\" height=\"768\" src=\"https:\/\/www.thorsten-schneider.com\/blog\/wp-content\/uploads\/2022\/09\/la_violetta_1-1024x768.jpg\" alt=\"\" class=\"wp-image-1121\" srcset=\"https:\/\/www.thorsten-schneider.com\/blog\/wp-content\/uploads\/2022\/09\/la_violetta_1-1024x768.jpg 1024w, https:\/\/www.thorsten-schneider.com\/blog\/wp-content\/uploads\/2022\/09\/la_violetta_1-300x225.jpg 300w, https:\/\/www.thorsten-schneider.com\/blog\/wp-content\/uploads\/2022\/09\/la_violetta_1-768x576.jpg 768w, https:\/\/www.thorsten-schneider.com\/blog\/wp-content\/uploads\/2022\/09\/la_violetta_1-1536x1152.jpg 1536w, https:\/\/www.thorsten-schneider.com\/blog\/wp-content\/uploads\/2022\/09\/la_violetta_1.jpg 1600w\" sizes=\"auto, (max-width: 767px) 89vw, (max-width: 1000px) 54vw, (max-width: 1071px) 543px, 580px\" \/><\/figure>\n\n\n\n<figure class=\"wp-block-table is-style-stripes\"><table><tbody><tr><td>Inspiration<\/td><td>&#8211;<\/td><\/tr><tr><td>Basis<\/td><td>Vostok Amphibia 119XXX<\/td><\/tr><tr><td>Geh\u00e4use<\/td><td>119 Edelstahl mit Sonnenschliff<\/td><\/tr><tr><td>Geh\u00e4useboden<\/td><td>Amphibia Edelstahl flach<\/td><\/tr><tr><td><\/td><td><\/td><\/tr><tr><td>Zifferblatt<\/td><td>Boctok Vintage violett<\/td><\/tr><tr><td>Werk<\/td><td>Vostok 2209 Handaufzug<\/td><\/tr><tr><td>Werkhaltering<\/td><td>Edelstahl<\/td><\/tr><tr><td>Armierungsring<\/td><td>Edelstahl poliert<\/td><\/tr><tr><td>Datumsscheibe<\/td><td>&#8211;<\/td><\/tr><tr><td>Stundenzeiger<\/td><td>Amphibia silber<\/td><\/tr><tr><td>Minutenzeiger<\/td><td>Amphibia silber<\/td><\/tr><tr><td>Sekundenzeiger<\/td><td>Amphibia rot<\/td><\/tr><tr><td>Krone<\/td><td>Messing mit Edelstahl-H\u00fclse, <strong>mattiert<\/strong><\/td><\/tr><tr><td>L\u00fcnette<\/td><td><strong>Komandirskie.com blank, gro\u00df, mattiert<\/strong><\/td><\/tr><tr><td>L\u00fcnetteninlay<\/td><td>&#8211;<\/td><\/tr><tr><td><\/td><td><\/td><\/tr><tr><td>Leder<\/td><td><strong>Vintage dunkelbraun, gelocht, selfmade, mit Edelstahl-Dornschlie\u00dfe<\/strong><\/td><\/tr><tr><td>Leder<\/td><td>Vintage hellbraun mit Edelstahl-Dornschlie\u00dfe<\/td><\/tr><tr><td>Canvas<\/td><td>schwarz mit Edelstahl-Dornschlie\u00dfe<\/td><\/tr><\/tbody><\/table><figcaption class=\"wp-element-caption\">Alle von mir durchgef\u00fchrten \u00c4nderungen zum Serienmodell und das auf dem Foto abgebildete Band sind <strong>fett<\/strong> markiert.<\/figcaption><\/figure>\n\n\n\n<p><a href=\"https:\/\/www.thorsten-schneider.com\/blog\/united-colors-of-vostok\/\" data-type=\"page\" data-id=\"1182\">zur\u00fcck zur Auswahl &gt;<\/a><\/p>\n","protected":false},"excerpt":{"rendered":"<p>Inspiration &#8211; Basis Vostok Amphibia 119XXX Geh\u00e4use 119 Edelstahl mit Sonnenschliff Geh\u00e4useboden Amphibia Edelstahl flach Zifferblatt Boctok Vintage violett Werk Vostok 2209 Handaufzug Werkhaltering Edelstahl Armierungsring Edelstahl poliert Datumsscheibe &#8211; Stundenzeiger Amphibia silber Minutenzeiger Amphibia silber Sekundenzeiger Amphibia rot Krone Messing mit Edelstahl-H\u00fclse, mattiert L\u00fcnette Komandirskie.com blank, gro\u00df, mattiert L\u00fcnetteninlay &#8211; Leder Vintage dunkelbraun, gelocht, &hellip; <\/p>\n<p class=\"link-more\"><a href=\"https:\/\/www.thorsten-schneider.com\/blog\/la-violetta\/\" class=\"more-link\"><span class=\"screen-reader-text\">\u201eLa Violetta\u201c <\/span>weiterlesen<\/a><\/p>\n","protected":false},"author":1,"featured_media":0,"parent":0,"menu_order":0,"comment_status":"closed","ping_status":"closed","template":"","meta":{"footnotes":""},"class_list":["post-640","page","type-page","status-publish","hentry"],"_links":{"self":[{"href":"https:\/\/www.thorsten-schneider.com\/blog\/wp-json\/wp\/v2\/pages\/640","targetHints":{"allow":["GET"]}}],"collection":[{"href":"https:\/\/www.thorsten-schneider.com\/blog\/wp-json\/wp\/v2\/pages"}],"about":[{"href":"https:\/\/www.thorsten-schneider.com\/blog\/wp-json\/wp\/v2\/types\/page"}],"author":[{"embeddable":true,"href":"https:\/\/www.thorsten-schneider.com\/blog\/wp-json\/wp\/v2\/users\/1"}],"replies":[{"embeddable":true,"href":"https:\/\/www.thorsten-schneider.com\/blog\/wp-json\/wp\/v2\/comments?post=640"}],"version-history":[{"count":10,"href":"https:\/\/www.thorsten-schneider.com\/blog\/wp-json\/wp\/v2\/pages\/640\/revisions"}],"predecessor-version":[{"id":2021,"href":"https:\/\/www.thorsten-schneider.com\/blog\/wp-json\/wp\/v2\/pages\/640\/revisions\/2021"}],"wp:attachment":[{"href":"https:\/\/www.thorsten-schneider.com\/blog\/wp-json\/wp\/v2\/media?parent=640"}],"curies":[{"name":"wp","href":"https:\/\/api.w.org\/{rel}","templated":true}]}}