{"id":4452,"date":"2025-08-30T20:29:03","date_gmt":"2025-08-30T18:29:03","guid":{"rendered":"https:\/\/www.thorsten-schneider.com\/blog\/?page_id=4452"},"modified":"2025-08-31T10:58:10","modified_gmt":"2025-08-31T08:58:10","slug":"1-dark-blue-diver","status":"publish","type":"page","link":"https:\/\/www.thorsten-schneider.com\/blog\/1-dark-blue-diver\/","title":{"rendered":"1 &#8211; Dark Blue Diver"},"content":{"rendered":"\n<figure class=\"wp-block-image size-large\"><img loading=\"lazy\" decoding=\"async\" width=\"1024\" height=\"768\" src=\"https:\/\/www.thorsten-schneider.com\/blog\/wp-content\/uploads\/2025\/08\/dark_blue_diver-1024x768.jpeg\" alt=\"\" class=\"wp-image-4455\" srcset=\"https:\/\/www.thorsten-schneider.com\/blog\/wp-content\/uploads\/2025\/08\/dark_blue_diver-1024x768.jpeg 1024w, https:\/\/www.thorsten-schneider.com\/blog\/wp-content\/uploads\/2025\/08\/dark_blue_diver-300x225.jpeg 300w, https:\/\/www.thorsten-schneider.com\/blog\/wp-content\/uploads\/2025\/08\/dark_blue_diver-768x576.jpeg 768w, https:\/\/www.thorsten-schneider.com\/blog\/wp-content\/uploads\/2025\/08\/dark_blue_diver-1536x1152.jpeg 1536w, https:\/\/www.thorsten-schneider.com\/blog\/wp-content\/uploads\/2025\/08\/dark_blue_diver.jpeg 1600w\" sizes=\"auto, (max-width: 767px) 89vw, (max-width: 1000px) 54vw, (max-width: 1071px) 543px, 580px\" \/><\/figure>\n\n\n\n<figure class=\"wp-block-table is-style-stripes\"><table><tbody><tr><td>Inspiration<\/td><td>&#8211;<\/td><\/tr><tr><td>Basis<\/td><td>Wishdoit Diver Blue 40mm<\/td><\/tr><tr><td>Geh\u00e4use<\/td><td>Wishdoit Diver mattiert 40mm<\/td><\/tr><tr><td>Geh\u00e4useboden<\/td><td>Edelstahl mit Segelboot-Motiv<\/td><\/tr><tr><td><\/td><td><\/td><\/tr><tr><td>Zifferblatt<\/td><td>blau-schwarz Verlauf mit wei\u00dfen Indizes<\/td><\/tr><tr><td>Werk<\/td><td>Seiko NH35<\/td><\/tr><tr><td>Datumsscheibe<\/td><td>wei\u00df<\/td><\/tr><tr><td>Stundenzeiger<\/td><td>Balkenzeiger silber mit wei\u00dfem Lume<\/td><\/tr><tr><td>Minutenzeiger<\/td><td>Balkenzeiger silber mit wei\u00dfem Lume<\/td><\/tr><tr><td>Sekundenzeiger<\/td><td><strong>t\u00fcrkis mit wei\u00dfem Lume<\/strong><\/td><\/tr><tr><td>Krone<\/td><td>Edelstahl mattiert<\/td><\/tr><tr><td>L\u00fcnette<\/td><td>Edelstahl mattiert<\/td><\/tr><tr><td>L\u00fcnetteninlay<\/td><td>Keramik schwarz gl\u00e4nzend mit wei\u00dfen Indizes<\/td><\/tr><tr><td><\/td><td><\/td><\/tr><tr><td>Edelstahl<\/td><td><strong>massiv mattiert mit Faltschlie\u00dfe<\/strong><\/td><\/tr><\/tbody><\/table><figcaption class=\"wp-element-caption\">Alle von mir durchgef\u00fchrten \u00c4nderungen zum Serienmodell und das auf dem Foto abgebildete Band sind <strong>fett<\/strong> markiert.<\/figcaption><\/figure>\n\n\n\n<p><a href=\"https:\/\/www.thorsten-schneider.com\/blog\/asian-mod-cooperative\/\" data-type=\"page\" data-id=\"2748\">zur\u00fcck zur Auswahl &gt;<\/a><\/p>\n","protected":false},"excerpt":{"rendered":"<p>Inspiration &#8211; Basis Wishdoit Diver Blue 40mm Geh\u00e4use Wishdoit Diver mattiert 40mm Geh\u00e4useboden Edelstahl mit Segelboot-Motiv Zifferblatt blau-schwarz Verlauf mit wei\u00dfen Indizes Werk Seiko NH35 Datumsscheibe wei\u00df Stundenzeiger Balkenzeiger silber mit wei\u00dfem Lume Minutenzeiger Balkenzeiger silber mit wei\u00dfem Lume Sekundenzeiger t\u00fcrkis mit wei\u00dfem Lume Krone Edelstahl mattiert L\u00fcnette Edelstahl mattiert L\u00fcnetteninlay Keramik schwarz gl\u00e4nzend mit &hellip; <\/p>\n<p class=\"link-more\"><a href=\"https:\/\/www.thorsten-schneider.com\/blog\/1-dark-blue-diver\/\" class=\"more-link\"><span class=\"screen-reader-text\">\u201e1 &#8211; Dark Blue Diver\u201c <\/span>weiterlesen<\/a><\/p>\n","protected":false},"author":1,"featured_media":0,"parent":0,"menu_order":0,"comment_status":"closed","ping_status":"closed","template":"","meta":{"footnotes":""},"class_list":["post-4452","page","type-page","status-publish","hentry"],"_links":{"self":[{"href":"https:\/\/www.thorsten-schneider.com\/blog\/wp-json\/wp\/v2\/pages\/4452","targetHints":{"allow":["GET"]}}],"collection":[{"href":"https:\/\/www.thorsten-schneider.com\/blog\/wp-json\/wp\/v2\/pages"}],"about":[{"href":"https:\/\/www.thorsten-schneider.com\/blog\/wp-json\/wp\/v2\/types\/page"}],"author":[{"embeddable":true,"href":"https:\/\/www.thorsten-schneider.com\/blog\/wp-json\/wp\/v2\/users\/1"}],"replies":[{"embeddable":true,"href":"https:\/\/www.thorsten-schneider.com\/blog\/wp-json\/wp\/v2\/comments?post=4452"}],"version-history":[{"count":2,"href":"https:\/\/www.thorsten-schneider.com\/blog\/wp-json\/wp\/v2\/pages\/4452\/revisions"}],"predecessor-version":[{"id":4460,"href":"https:\/\/www.thorsten-schneider.com\/blog\/wp-json\/wp\/v2\/pages\/4452\/revisions\/4460"}],"wp:attachment":[{"href":"https:\/\/www.thorsten-schneider.com\/blog\/wp-json\/wp\/v2\/media?parent=4452"}],"curies":[{"name":"wp","href":"https:\/\/api.w.org\/{rel}","templated":true}]}}