{"id":444,"date":"2022-09-02T13:17:45","date_gmt":"2022-09-02T11:17:45","guid":{"rendered":"http:\/\/www.thorsten-schneider.com\/blog\/?page_id=444"},"modified":"2023-05-10T09:58:38","modified_gmt":"2023-05-10T07:58:38","slug":"dawn-grey","status":"publish","type":"page","link":"https:\/\/www.thorsten-schneider.com\/blog\/dawn-grey\/","title":{"rendered":"Dawn Grey"},"content":{"rendered":"\n<figure class=\"wp-block-image size-large\"><img loading=\"lazy\" decoding=\"async\" width=\"1024\" height=\"768\" src=\"https:\/\/www.thorsten-schneider.com\/blog\/wp-content\/uploads\/2023\/03\/dawn_grey-1-1024x768.jpeg\" alt=\"\" class=\"wp-image-2191\" srcset=\"https:\/\/www.thorsten-schneider.com\/blog\/wp-content\/uploads\/2023\/03\/dawn_grey-1-1024x768.jpeg 1024w, https:\/\/www.thorsten-schneider.com\/blog\/wp-content\/uploads\/2023\/03\/dawn_grey-1-300x225.jpeg 300w, https:\/\/www.thorsten-schneider.com\/blog\/wp-content\/uploads\/2023\/03\/dawn_grey-1-768x576.jpeg 768w, https:\/\/www.thorsten-schneider.com\/blog\/wp-content\/uploads\/2023\/03\/dawn_grey-1-1536x1152.jpeg 1536w, https:\/\/www.thorsten-schneider.com\/blog\/wp-content\/uploads\/2023\/03\/dawn_grey-1.jpeg 1600w\" sizes=\"auto, (max-width: 767px) 89vw, (max-width: 1000px) 54vw, (max-width: 1071px) 543px, 580px\" \/><\/figure>\n\n\n\n<figure class=\"wp-block-table is-style-stripes\"><table><tbody><tr><td>Inspiration<\/td><td>Seiko Samurai Dawn Grey<\/td><\/tr><tr><td>Basis<\/td><td>Vostok Komandirskie 650XXX<\/td><\/tr><tr><td>Geh\u00e4use<\/td><td>650 Edelstahl mattiert<\/td><\/tr><tr><td>Geh\u00e4useboden<\/td><td><strong>Albatros Edelstahl<\/strong><\/td><\/tr><tr><td><\/td><td><\/td><\/tr><tr><td>Zifferblatt<\/td><td><strong>Komandirskie 739, entlackt, Indizes wei\u00df lackiert<\/strong><\/td><\/tr><tr><td>Werk<\/td><td>Vostok 2416B Automatik<\/td><\/tr><tr><td>Werkhaltering<\/td><td><strong>Edelstahl<\/strong><\/td><\/tr><tr><td>Armierungsring<\/td><td>Edelstahl <strong>orange lackiert<\/strong><\/td><\/tr><tr><td>Datumsscheibe<\/td><td>wei\u00df<\/td><\/tr><tr><td>Stundenzeiger<\/td><td><strong>Vostok SE schwarz gl\u00e4nzend<\/strong><\/td><\/tr><tr><td>Minutenzeiger<\/td><td><strong>Vostok SE schwarz gl\u00e4nzend<\/strong><\/td><\/tr><tr><td>Sekundenzeiger<\/td><td><strong>VW24 Aurora orange<\/strong><\/td><\/tr><tr><td>Krone<\/td><td>Vostok Edelstahl mattiert<\/td><\/tr><tr><td>L\u00fcnette<\/td><td><strong>VW24 Edelstahl<\/strong><\/td><\/tr><tr><td>L\u00fcnetteninlay<\/td><td><strong>Seiko-Stil grau-orange<\/strong><\/td><\/tr><tr><td><\/td><td><\/td><\/tr><tr><td>Nato<\/td><td><strong>orange-grau mit Edelstahl-Dornschlie\u00dfe<\/strong><\/td><\/tr><tr><td>Paratrooper<\/td><td>orange-wei\u00df mit Edelstahl-Hakenschlie\u00dfe<\/td><\/tr><tr><td>Stahl<\/td><td>Edelstahl matt geb\u00fcrstet mit angefasten Gliedern und Faltschlie\u00dfe<\/td><\/tr><\/tbody><\/table><figcaption class=\"wp-element-caption\">Alle von mir durchgef\u00fchrten \u00c4nderungen zum Serienmodell und das auf dem Foto abgebildete Band sind <strong>fett<\/strong> markiert.<\/figcaption><\/figure>\n\n\n\n<p><a href=\"https:\/\/www.thorsten-schneider.com\/blog\/united-colors-of-vostok\/\" data-type=\"page\" data-id=\"1182\">zur\u00fcck zur Auswahl &gt;<\/a><\/p>\n","protected":false},"excerpt":{"rendered":"<p>Inspiration Seiko Samurai Dawn Grey Basis Vostok Komandirskie 650XXX Geh\u00e4use 650 Edelstahl mattiert Geh\u00e4useboden Albatros Edelstahl Zifferblatt Komandirskie 739, entlackt, Indizes wei\u00df lackiert Werk Vostok 2416B Automatik Werkhaltering Edelstahl Armierungsring Edelstahl orange lackiert Datumsscheibe wei\u00df Stundenzeiger Vostok SE schwarz gl\u00e4nzend Minutenzeiger Vostok SE schwarz gl\u00e4nzend Sekundenzeiger VW24 Aurora orange Krone Vostok Edelstahl mattiert L\u00fcnette VW24 &hellip; <\/p>\n<p class=\"link-more\"><a href=\"https:\/\/www.thorsten-schneider.com\/blog\/dawn-grey\/\" class=\"more-link\"><span class=\"screen-reader-text\">\u201eDawn Grey\u201c <\/span>weiterlesen<\/a><\/p>\n","protected":false},"author":1,"featured_media":0,"parent":0,"menu_order":0,"comment_status":"closed","ping_status":"closed","template":"","meta":{"footnotes":""},"class_list":["post-444","page","type-page","status-publish","hentry"],"_links":{"self":[{"href":"https:\/\/www.thorsten-schneider.com\/blog\/wp-json\/wp\/v2\/pages\/444","targetHints":{"allow":["GET"]}}],"collection":[{"href":"https:\/\/www.thorsten-schneider.com\/blog\/wp-json\/wp\/v2\/pages"}],"about":[{"href":"https:\/\/www.thorsten-schneider.com\/blog\/wp-json\/wp\/v2\/types\/page"}],"author":[{"embeddable":true,"href":"https:\/\/www.thorsten-schneider.com\/blog\/wp-json\/wp\/v2\/users\/1"}],"replies":[{"embeddable":true,"href":"https:\/\/www.thorsten-schneider.com\/blog\/wp-json\/wp\/v2\/comments?post=444"}],"version-history":[{"count":16,"href":"https:\/\/www.thorsten-schneider.com\/blog\/wp-json\/wp\/v2\/pages\/444\/revisions"}],"predecessor-version":[{"id":2363,"href":"https:\/\/www.thorsten-schneider.com\/blog\/wp-json\/wp\/v2\/pages\/444\/revisions\/2363"}],"wp:attachment":[{"href":"https:\/\/www.thorsten-schneider.com\/blog\/wp-json\/wp\/v2\/media?parent=444"}],"curies":[{"name":"wp","href":"https:\/\/api.w.org\/{rel}","templated":true}]}}