{"id":3569,"date":"2024-11-08T13:11:12","date_gmt":"2024-11-08T12:11:12","guid":{"rendered":"https:\/\/www.thorsten-schneider.com\/blog\/?page_id=3569"},"modified":"2025-12-02T16:07:37","modified_gmt":"2025-12-02T15:07:37","slug":"1-fieldwatch-whitered","status":"publish","type":"page","link":"https:\/\/www.thorsten-schneider.com\/blog\/1-fieldwatch-whitered\/","title":{"rendered":"1 &#8211; Fieldwatch WhiteRed"},"content":{"rendered":"\n<figure class=\"wp-block-image size-large\"><img loading=\"lazy\" decoding=\"async\" width=\"1024\" height=\"768\" src=\"https:\/\/www.thorsten-schneider.com\/blog\/wp-content\/uploads\/2025\/11\/white_fieldwatch-1024x768.jpeg\" alt=\"\" class=\"wp-image-4703\" srcset=\"https:\/\/www.thorsten-schneider.com\/blog\/wp-content\/uploads\/2025\/11\/white_fieldwatch-1024x768.jpeg 1024w, https:\/\/www.thorsten-schneider.com\/blog\/wp-content\/uploads\/2025\/11\/white_fieldwatch-300x225.jpeg 300w, https:\/\/www.thorsten-schneider.com\/blog\/wp-content\/uploads\/2025\/11\/white_fieldwatch-768x576.jpeg 768w, https:\/\/www.thorsten-schneider.com\/blog\/wp-content\/uploads\/2025\/11\/white_fieldwatch-1536x1152.jpeg 1536w, https:\/\/www.thorsten-schneider.com\/blog\/wp-content\/uploads\/2025\/11\/white_fieldwatch.jpeg 1600w\" sizes=\"auto, (max-width: 767px) 89vw, (max-width: 1000px) 54vw, (max-width: 1071px) 543px, 580px\" \/><\/figure>\n\n\n\n<figure class=\"wp-block-image size-large\"><img loading=\"lazy\" decoding=\"async\" width=\"1024\" height=\"768\" src=\"https:\/\/www.thorsten-schneider.com\/blog\/wp-content\/uploads\/2025\/12\/vintage_fieldwatch_whitered_nato-1024x768.jpeg\" alt=\"\" class=\"wp-image-4762\" srcset=\"https:\/\/www.thorsten-schneider.com\/blog\/wp-content\/uploads\/2025\/12\/vintage_fieldwatch_whitered_nato-1024x768.jpeg 1024w, https:\/\/www.thorsten-schneider.com\/blog\/wp-content\/uploads\/2025\/12\/vintage_fieldwatch_whitered_nato-300x225.jpeg 300w, https:\/\/www.thorsten-schneider.com\/blog\/wp-content\/uploads\/2025\/12\/vintage_fieldwatch_whitered_nato-768x576.jpeg 768w, https:\/\/www.thorsten-schneider.com\/blog\/wp-content\/uploads\/2025\/12\/vintage_fieldwatch_whitered_nato-1536x1152.jpeg 1536w, https:\/\/www.thorsten-schneider.com\/blog\/wp-content\/uploads\/2025\/12\/vintage_fieldwatch_whitered_nato.jpeg 1600w\" sizes=\"auto, (max-width: 767px) 89vw, (max-width: 1000px) 54vw, (max-width: 1071px) 543px, 580px\" \/><\/figure>\n\n\n\n<figure class=\"wp-block-table is-style-stripes\"><table><tbody><tr><td>Inspiration<\/td><td>&#8211;<\/td><\/tr><tr><td>Basis<\/td><td>Datejust-Stil 40mm<\/td><\/tr><tr><td>Geh\u00e4use<\/td><td>Datejust-Stil Edelstahl gestrahlt 40mm<\/td><\/tr><tr><td>Geh\u00e4useboden<\/td><td>Glasboden<\/td><\/tr><tr><td><\/td><td><\/td><\/tr><tr><td>Zifferblatt<\/td><td><strong>Fieldwatch wei\u00df mit roten Ziffern (29mm)<\/strong><\/td><\/tr><tr><td>Werk<\/td><td>Seiko NH35<\/td><\/tr><tr><td>Datumsscheibe<\/td><td><strong>wei\u00df mit roten Ziffern<\/strong><\/td><\/tr><tr><td>Stundenzeiger<\/td><td><strong>Pencil silber mit wei\u00dfem Lume<\/strong><\/td><\/tr><tr><td>Minutenzeiger<\/td><td><strong>Pencil silber mit wei\u00dfem Lume<\/strong><\/td><\/tr><tr><td>Sekundenzeiger<\/td><td><strong>rot mit wei\u00dfem Lume<\/strong><\/td><\/tr><tr><td>Krone<\/td><td>Edelstahl matt gestrahlt<\/td><\/tr><tr><td>L\u00fcnette<\/td><td>Edelstahl matt gestrahlt<\/td><\/tr><tr><td>L\u00fcnetteninlay<\/td><td>&#8211;<\/td><\/tr><tr><td><\/td><td><\/td><\/tr><tr><td>Wildleder<\/td><td><strong>hellbraun mit beigefarbener Ziernaht und Edelstahl-Dornschlie\u00dfe<\/strong><\/td><\/tr><tr><td>Nato<\/td><td><strong>2-Piece wei\u00df-rot mit Edelstahl-Dornschlie\u00dfe<\/strong><\/td><\/tr><tr><td>Tropic<\/td><td>rot mit Edelstahl-Dornschlie\u00dfe<\/td><\/tr><\/tbody><\/table><figcaption class=\"wp-element-caption\">Alle von mir durchgef\u00fchrten \u00c4nderungen zum Serienmodell und die auf den Fotos abgebildeten B\u00e4nder sind <strong>fett<\/strong> markiert.<\/figcaption><\/figure>\n\n\n\n<p><a href=\"https:\/\/www.thorsten-schneider.com\/blog\/asian-mod-cooperative\/\" data-type=\"page\" data-id=\"2748\">zur\u00fcck zur Auswahl &gt;<\/a><\/p>\n","protected":false},"excerpt":{"rendered":"<p>Inspiration &#8211; Basis Datejust-Stil 40mm Geh\u00e4use Datejust-Stil Edelstahl gestrahlt 40mm Geh\u00e4useboden Glasboden Zifferblatt Fieldwatch wei\u00df mit roten Ziffern (29mm) Werk Seiko NH35 Datumsscheibe wei\u00df mit roten Ziffern Stundenzeiger Pencil silber mit wei\u00dfem Lume Minutenzeiger Pencil silber mit wei\u00dfem Lume Sekundenzeiger rot mit wei\u00dfem Lume Krone Edelstahl matt gestrahlt L\u00fcnette Edelstahl matt gestrahlt L\u00fcnetteninlay &#8211; Wildleder &hellip; <\/p>\n<p class=\"link-more\"><a href=\"https:\/\/www.thorsten-schneider.com\/blog\/1-fieldwatch-whitered\/\" class=\"more-link\"><span class=\"screen-reader-text\">\u201e1 &#8211; Fieldwatch WhiteRed\u201c <\/span>weiterlesen<\/a><\/p>\n","protected":false},"author":1,"featured_media":0,"parent":0,"menu_order":0,"comment_status":"closed","ping_status":"closed","template":"","meta":{"footnotes":""},"class_list":["post-3569","page","type-page","status-publish","hentry"],"_links":{"self":[{"href":"https:\/\/www.thorsten-schneider.com\/blog\/wp-json\/wp\/v2\/pages\/3569","targetHints":{"allow":["GET"]}}],"collection":[{"href":"https:\/\/www.thorsten-schneider.com\/blog\/wp-json\/wp\/v2\/pages"}],"about":[{"href":"https:\/\/www.thorsten-schneider.com\/blog\/wp-json\/wp\/v2\/types\/page"}],"author":[{"embeddable":true,"href":"https:\/\/www.thorsten-schneider.com\/blog\/wp-json\/wp\/v2\/users\/1"}],"replies":[{"embeddable":true,"href":"https:\/\/www.thorsten-schneider.com\/blog\/wp-json\/wp\/v2\/comments?post=3569"}],"version-history":[{"count":10,"href":"https:\/\/www.thorsten-schneider.com\/blog\/wp-json\/wp\/v2\/pages\/3569\/revisions"}],"predecessor-version":[{"id":4782,"href":"https:\/\/www.thorsten-schneider.com\/blog\/wp-json\/wp\/v2\/pages\/3569\/revisions\/4782"}],"wp:attachment":[{"href":"https:\/\/www.thorsten-schneider.com\/blog\/wp-json\/wp\/v2\/media?parent=3569"}],"curies":[{"name":"wp","href":"https:\/\/api.w.org\/{rel}","templated":true}]}}