{"id":2642,"date":"2024-01-26T08:35:10","date_gmt":"2024-01-26T07:35:10","guid":{"rendered":"https:\/\/www.thorsten-schneider.com\/blog\/?page_id=2642"},"modified":"2025-05-05T17:30:56","modified_gmt":"2025-05-05T15:30:56","slug":"1-556-fathoms","status":"publish","type":"page","link":"https:\/\/www.thorsten-schneider.com\/blog\/1-556-fathoms\/","title":{"rendered":"1 &#8211; Vintage Diver White"},"content":{"rendered":"\n<figure class=\"wp-block-image size-large\"><img loading=\"lazy\" decoding=\"async\" width=\"1024\" height=\"768\" src=\"https:\/\/www.thorsten-schneider.com\/blog\/wp-content\/uploads\/2025\/05\/vintage_diver_white-1024x768.jpeg\" alt=\"\" class=\"wp-image-4242\" srcset=\"https:\/\/www.thorsten-schneider.com\/blog\/wp-content\/uploads\/2025\/05\/vintage_diver_white-1024x768.jpeg 1024w, https:\/\/www.thorsten-schneider.com\/blog\/wp-content\/uploads\/2025\/05\/vintage_diver_white-300x225.jpeg 300w, https:\/\/www.thorsten-schneider.com\/blog\/wp-content\/uploads\/2025\/05\/vintage_diver_white-768x576.jpeg 768w, https:\/\/www.thorsten-schneider.com\/blog\/wp-content\/uploads\/2025\/05\/vintage_diver_white-1536x1152.jpeg 1536w, https:\/\/www.thorsten-schneider.com\/blog\/wp-content\/uploads\/2025\/05\/vintage_diver_white.jpeg 1600w\" sizes=\"auto, (max-width: 767px) 89vw, (max-width: 1000px) 54vw, (max-width: 1071px) 543px, 580px\" \/><\/figure>\n\n\n\n<figure class=\"wp-block-table is-style-stripes\"><table><tbody><tr><td>Inspiration<\/td><td>Blancpain Fifty Fathoms<\/td><\/tr><tr><td>Basis<\/td><td>Tandorio Fifty Fathoms Stil 40mm<\/td><\/tr><tr><td>Geh\u00e4use<\/td><td>Tandorio Fifty Fathoms Stil Edelstahl matt gestrahlt 40mm<\/td><\/tr><tr><td>Geh\u00e4useboden<\/td><td>Edelstahl matt gestrahlt<\/td><\/tr><tr><td><\/td><td><\/td><\/tr><tr><td>Zifferblatt<\/td><td>wei\u00df mit schwarzen Ziffern (28,5mm)<\/td><\/tr><tr><td>Werk<\/td><td>Seiko NH35<\/td><\/tr><tr><td>Datumsscheibe<\/td><td>&#8211;<\/td><\/tr><tr><td>Stundenzeiger<\/td><td>Pilot dunkelgrau mit wei\u00dfem Lume<\/td><\/tr><tr><td>Minutenzeiger<\/td><td>Pilot dunkelgrau mit wei\u00dfem Lume<\/td><\/tr><tr><td>Sekundenzeiger<\/td><td>dunkelgrau mit wei\u00dfem Lume<\/td><\/tr><tr><td>Krone<\/td><td>Edelstahl matt gestrahlt<\/td><\/tr><tr><td>L\u00fcnette<\/td><td>Edelstahl matt gestrahlt<\/td><\/tr><tr><td>L\u00fcnetteninlay<\/td><td>Fifty Fathoms Stil schwarz mit gelben Ziffern<\/td><\/tr><tr><td><\/td><td><\/td><\/tr><tr><td>Single Pass Strap<\/td><td><strong>schwarz mit beigefarbenem Streifen und Edelstahl-Dornschlie\u00dfe<\/strong><\/td><\/tr><tr><td>Wildleder<\/td><td>braun mit schwarzer Ziernaht und Edelstahl-Dornschlie\u00dfe<\/td><\/tr><tr><td>Kautschuk<\/td><td>Tropic schwarz mit Edelstahl-Dornschlie\u00dfe<\/td><\/tr><\/tbody><\/table><figcaption class=\"wp-element-caption\">Alle von mir durchgef\u00fchrten \u00c4nderungen zum Serienmodell und das auf dem Foto abgebildete Band sind <strong>fett<\/strong> markiert.<\/figcaption><\/figure>\n\n\n\n<p><a href=\"https:\/\/www.thorsten-schneider.com\/blog\/asian-mod-cooperative\/\" data-type=\"page\" data-id=\"2748\">zur\u00fcck zur Auswahl &gt;<\/a><\/p>\n","protected":false},"excerpt":{"rendered":"<p>Inspiration Blancpain Fifty Fathoms Basis Tandorio Fifty Fathoms Stil 40mm Geh\u00e4use Tandorio Fifty Fathoms Stil Edelstahl matt gestrahlt 40mm Geh\u00e4useboden Edelstahl matt gestrahlt Zifferblatt wei\u00df mit schwarzen Ziffern (28,5mm) Werk Seiko NH35 Datumsscheibe &#8211; Stundenzeiger Pilot dunkelgrau mit wei\u00dfem Lume Minutenzeiger Pilot dunkelgrau mit wei\u00dfem Lume Sekundenzeiger dunkelgrau mit wei\u00dfem Lume Krone Edelstahl matt gestrahlt &hellip; <\/p>\n<p class=\"link-more\"><a href=\"https:\/\/www.thorsten-schneider.com\/blog\/1-556-fathoms\/\" class=\"more-link\"><span class=\"screen-reader-text\">\u201e1 &#8211; Vintage Diver White\u201c <\/span>weiterlesen<\/a><\/p>\n","protected":false},"author":1,"featured_media":0,"parent":0,"menu_order":0,"comment_status":"closed","ping_status":"closed","template":"","meta":{"footnotes":""},"class_list":["post-2642","page","type-page","status-publish","hentry"],"_links":{"self":[{"href":"https:\/\/www.thorsten-schneider.com\/blog\/wp-json\/wp\/v2\/pages\/2642","targetHints":{"allow":["GET"]}}],"collection":[{"href":"https:\/\/www.thorsten-schneider.com\/blog\/wp-json\/wp\/v2\/pages"}],"about":[{"href":"https:\/\/www.thorsten-schneider.com\/blog\/wp-json\/wp\/v2\/types\/page"}],"author":[{"embeddable":true,"href":"https:\/\/www.thorsten-schneider.com\/blog\/wp-json\/wp\/v2\/users\/1"}],"replies":[{"embeddable":true,"href":"https:\/\/www.thorsten-schneider.com\/blog\/wp-json\/wp\/v2\/comments?post=2642"}],"version-history":[{"count":14,"href":"https:\/\/www.thorsten-schneider.com\/blog\/wp-json\/wp\/v2\/pages\/2642\/revisions"}],"predecessor-version":[{"id":4245,"href":"https:\/\/www.thorsten-schneider.com\/blog\/wp-json\/wp\/v2\/pages\/2642\/revisions\/4245"}],"wp:attachment":[{"href":"https:\/\/www.thorsten-schneider.com\/blog\/wp-json\/wp\/v2\/media?parent=2642"}],"curies":[{"name":"wp","href":"https:\/\/api.w.org\/{rel}","templated":true}]}}