{"id":2635,"date":"2024-01-25T21:28:33","date_gmt":"2024-01-25T20:28:33","guid":{"rendered":"https:\/\/www.thorsten-schneider.com\/blog\/?page_id=2635"},"modified":"2026-03-25T15:22:57","modified_gmt":"2026-03-25T14:22:57","slug":"1-u1-mod","status":"publish","type":"page","link":"https:\/\/www.thorsten-schneider.com\/blog\/1-u1-mod\/","title":{"rendered":"1 &#8211; U1 Blue Mod"},"content":{"rendered":"\n<figure class=\"wp-block-image size-large\"><img loading=\"lazy\" decoding=\"async\" width=\"1024\" height=\"768\" src=\"https:\/\/www.thorsten-schneider.com\/blog\/wp-content\/uploads\/2025\/06\/U1_dark_blue_mod-1024x768.jpeg\" alt=\"\" class=\"wp-image-4295\" srcset=\"https:\/\/www.thorsten-schneider.com\/blog\/wp-content\/uploads\/2025\/06\/U1_dark_blue_mod-1024x768.jpeg 1024w, https:\/\/www.thorsten-schneider.com\/blog\/wp-content\/uploads\/2025\/06\/U1_dark_blue_mod-300x225.jpeg 300w, https:\/\/www.thorsten-schneider.com\/blog\/wp-content\/uploads\/2025\/06\/U1_dark_blue_mod-768x576.jpeg 768w, https:\/\/www.thorsten-schneider.com\/blog\/wp-content\/uploads\/2025\/06\/U1_dark_blue_mod-1536x1152.jpeg 1536w, https:\/\/www.thorsten-schneider.com\/blog\/wp-content\/uploads\/2025\/06\/U1_dark_blue_mod.jpeg 1600w\" sizes=\"auto, (max-width: 767px) 89vw, (max-width: 1000px) 54vw, (max-width: 1071px) 543px, 580px\" \/><\/figure>\n\n\n\n<figure class=\"wp-block-table is-style-stripes\"><table><tbody><tr><td>Inspiration<\/td><td>Sinn U1 blau<\/td><\/tr><tr><td>Basis<\/td><td>&#8222;Vostok Amphibia&#8220; (chin. &#8222;Version&#8220;) 41mm<\/td><\/tr><tr><td>Geh\u00e4use<\/td><td>Edelstahl 41mm teilmattiert<\/td><\/tr><tr><td>Geh\u00e4useboden<\/td><td>Edelstahl<\/td><\/tr><tr><td><\/td><td><\/td><\/tr><tr><td>Zifferblatt<\/td><td><strong>schwarz-blau mit silbernen Indizes<\/strong><\/td><\/tr><tr><td>Werk<\/td><td>Miyota 8215<\/td><\/tr><tr><td>Datumsscheibe<\/td><td>wei\u00df<\/td><\/tr><tr><td>Stundenzeiger<\/td><td><strong>Paddle silber mit wei\u00dfem Lume<\/strong><\/td><\/tr><tr><td>Minutenzeiger<\/td><td><strong>Paddle silber mit wei\u00dfem Lume<\/strong><\/td><\/tr><tr><td>Sekundenzeiger<\/td><td><strong>Pfeilzeiger silber mit wei\u00dfem Lume<\/strong><\/td><\/tr><tr><td>Krone<\/td><td>Edelstahl mattiert<\/td><\/tr><tr><td>L\u00fcnette<\/td><td>Edelstahl matt gestrahlt<\/td><\/tr><tr><td>L\u00fcnetteninlay<\/td><td>U1-Stil Edelstahl matt gestrahlt <strong>mit wei\u00df und blau lackierten Ziffern<\/strong><\/td><\/tr><tr><td><\/td><td><\/td><\/tr><tr><td>Leder<\/td><td><strong>hellbraun mit wei\u00dfer Ziernaht und Edelstahl-Dornschlie\u00dfe<\/strong><\/td><\/tr><tr><td>Canvas<\/td><td>grau mit Edelstahl-Faltschlie\u00dfe<\/td><\/tr><tr><td>Edelstahl<\/td><td>massiv mattiert mit Faltschlie\u00dfe<\/td><\/tr><\/tbody><\/table><figcaption class=\"wp-element-caption\">Alle von mir durchgef\u00fchrten \u00c4nderungen zum Serienmodell und das auf dem Foto abgebildete Band sind <strong>fett<\/strong> markiert.<\/figcaption><\/figure>\n\n\n\n<p><a href=\"https:\/\/www.thorsten-schneider.com\/blog\/asian-mod-cooperative\/\" data-type=\"page\" data-id=\"2748\">zur\u00fcck zur Auswahl &gt;<\/a><\/p>\n","protected":false},"excerpt":{"rendered":"<p>Inspiration Sinn U1 blau Basis &#8222;Vostok Amphibia&#8220; (chin. &#8222;Version&#8220;) 41mm Geh\u00e4use Edelstahl 41mm teilmattiert Geh\u00e4useboden Edelstahl Zifferblatt schwarz-blau mit silbernen Indizes Werk Miyota 8215 Datumsscheibe wei\u00df Stundenzeiger Paddle silber mit wei\u00dfem Lume Minutenzeiger Paddle silber mit wei\u00dfem Lume Sekundenzeiger Pfeilzeiger silber mit wei\u00dfem Lume Krone Edelstahl mattiert L\u00fcnette Edelstahl matt gestrahlt L\u00fcnetteninlay U1-Stil Edelstahl matt &hellip; <\/p>\n<p class=\"link-more\"><a href=\"https:\/\/www.thorsten-schneider.com\/blog\/1-u1-mod\/\" class=\"more-link\"><span class=\"screen-reader-text\">\u201e1 &#8211; U1 Blue Mod\u201c <\/span>weiterlesen<\/a><\/p>\n","protected":false},"author":1,"featured_media":0,"parent":0,"menu_order":0,"comment_status":"closed","ping_status":"closed","template":"","meta":{"footnotes":""},"class_list":["post-2635","page","type-page","status-publish","hentry"],"_links":{"self":[{"href":"https:\/\/www.thorsten-schneider.com\/blog\/wp-json\/wp\/v2\/pages\/2635","targetHints":{"allow":["GET"]}}],"collection":[{"href":"https:\/\/www.thorsten-schneider.com\/blog\/wp-json\/wp\/v2\/pages"}],"about":[{"href":"https:\/\/www.thorsten-schneider.com\/blog\/wp-json\/wp\/v2\/types\/page"}],"author":[{"embeddable":true,"href":"https:\/\/www.thorsten-schneider.com\/blog\/wp-json\/wp\/v2\/users\/1"}],"replies":[{"embeddable":true,"href":"https:\/\/www.thorsten-schneider.com\/blog\/wp-json\/wp\/v2\/comments?post=2635"}],"version-history":[{"count":11,"href":"https:\/\/www.thorsten-schneider.com\/blog\/wp-json\/wp\/v2\/pages\/2635\/revisions"}],"predecessor-version":[{"id":5207,"href":"https:\/\/www.thorsten-schneider.com\/blog\/wp-json\/wp\/v2\/pages\/2635\/revisions\/5207"}],"wp:attachment":[{"href":"https:\/\/www.thorsten-schneider.com\/blog\/wp-json\/wp\/v2\/media?parent=2635"}],"curies":[{"name":"wp","href":"https:\/\/api.w.org\/{rel}","templated":true}]}}