{"id":18,"date":"2019-08-12T17:22:39","date_gmt":"2019-08-12T15:22:39","guid":{"rendered":"http:\/\/www.thorsten-schneider.com\/blog\/?page_id=18"},"modified":"2024-01-25T22:39:04","modified_gmt":"2024-01-25T21:39:04","slug":"dreizeiger","status":"publish","type":"page","link":"https:\/\/www.thorsten-schneider.com\/blog\/dreizeiger\/","title":{"rendered":"Dreizeiger"},"content":{"rendered":"\n<p>Seit 2019 baue ich mit wachsender Begeisterung (und einigen Materialverlusten) Vostok-Automatik- und -Handaufzugsuhren nach meinen Vorstellungen um &#8211; und seit 2023 in zunehmendem Ma\u00dfe auch Automatikuhren mit Seiko- und Miyota-Werken.<\/p>\n\n\n\n<p>Verschiedene untereinander kompatible Geh\u00e4use, unz\u00e4hlige passende Zifferbl\u00e4tter und L\u00fcnetten sowie eine stark gestiegene Auswahl an Drittanbieter-Teilen sorgen f\u00fcr eine fast unbegrenzte Vielfalt an Kombinationsm\u00f6glichkeiten. Wenn man dann noch ein wenig mit Oberfl\u00e4chenbearbeitung, Lacken und Klebefolien experimentiert&#8230; <\/p>\n\n\n\n<p>Hier sind die bisherigen Ergebnisse.<\/p>\n\n\n\n<figure class=\"wp-block-table is-style-stripes\"><table class=\"has-fixed-layout\"><thead><tr><th><strong><a href=\"https:\/\/www.thorsten-schneider.com\/blog\/black-brothers-of-the-watch\/\">Black Brothers Of The Watch<\/a><\/strong><\/th><th><strong><a href=\"https:\/\/www.thorsten-schneider.com\/blog\/black-dial-society\/\">Black Dial Society<\/a><\/strong><\/th><th><strong><a href=\"https:\/\/www.thorsten-schneider.com\/blog\/blue-boys\/\">Blue Boys<\/a><\/strong><\/th><\/tr><\/thead><tbody><tr><td><a href=\"https:\/\/www.thorsten-schneider.com\/blog\/black-brothers-of-the-watch\/\" data-type=\"page\" data-id=\"967\"><img loading=\"lazy\" decoding=\"async\" width=\"150\" height=\"113\" class=\"wp-image-1081\" style=\"width: 150px;\" src=\"https:\/\/www.thorsten-schneider.com\/blog\/wp-content\/uploads\/2022\/09\/vintage_pilot_black_1_s.jpg\" alt=\"\"><\/a><\/td><td><a href=\"https:\/\/www.thorsten-schneider.com\/blog\/black-dial-society\/\" data-type=\"page\" data-id=\"185\"><img loading=\"lazy\" decoding=\"async\" width=\"150\" height=\"113\" class=\"wp-image-2168\" style=\"width: 150px;\" src=\"https:\/\/www.thorsten-schneider.com\/blog\/wp-content\/uploads\/2023\/03\/zhestkiy_rok_s.jpeg\" alt=\"\"><\/a><\/td><td><a href=\"https:\/\/www.thorsten-schneider.com\/blog\/blue-boys\/\" data-type=\"page\" data-id=\"1173\"><img loading=\"lazy\" decoding=\"async\" width=\"150\" height=\"113\" class=\"wp-image-1083\" style=\"width: 150px;\" src=\"https:\/\/www.thorsten-schneider.com\/blog\/wp-content\/uploads\/2022\/09\/volova_oceanographer_1_s.jpg\" alt=\"\"><\/a><\/td><\/tr><tr><td>&gt; Uhren aus Edelstahl mit PVD-beschichtetem Geh\u00e4use in mattem Schwarz oder Grau<br><a href=\"https:\/\/www.thorsten-schneider.com\/blog\/black-brothers-of-the-watch\/\">mehr &gt;<\/a><\/td><td>&gt; Uhren aus Edelstahl und Titan mit schwarzen Zifferbl\u00e4ttern<br><a href=\"https:\/\/www.thorsten-schneider.com\/blog\/black-dial-society\/\">mehr &gt;<\/a><\/td><td>&gt; Uhren aus Edelstahl mit blauen und t\u00fcrkisfarbenen Zifferbl\u00e4ttern<br><a href=\"https:\/\/www.thorsten-schneider.com\/blog\/blue-boys\/\">mehr &gt;<\/a><\/td><\/tr><\/tbody><\/table><\/figure>\n\n\n\n<figure class=\"wp-block-table is-style-stripes\"><table class=\"has-fixed-layout\"><thead><tr><th><strong><a href=\"https:\/\/www.thorsten-schneider.com\/blog\/the-brass-band\/\">The Brass Band<\/a><\/strong><\/th><th><a href=\"https:\/\/www.thorsten-schneider.com\/blog\/united-colors\/\"><strong>United Colors Of Vostok<\/strong><\/a><\/th><th><a href=\"https:\/\/www.thorsten-schneider.com\/blog\/white-walkers\/\"><strong>White Walkers<\/strong><\/a><\/th><\/tr><\/thead><tbody><tr><td><a href=\"https:\/\/www.thorsten-schneider.com\/blog\/the-brass-band\/\" data-type=\"page\" data-id=\"1178\"><img loading=\"lazy\" decoding=\"async\" width=\"150\" height=\"113\" class=\"wp-image-1103\" style=\"width: 150px;\" src=\"https:\/\/www.thorsten-schneider.com\/blog\/wp-content\/uploads\/2022\/09\/bluebrass_automatic_1.jpg\" alt=\"\" srcset=\"https:\/\/www.thorsten-schneider.com\/blog\/wp-content\/uploads\/2022\/09\/bluebrass_automatic_1.jpg 1600w, https:\/\/www.thorsten-schneider.com\/blog\/wp-content\/uploads\/2022\/09\/bluebrass_automatic_1-300x225.jpg 300w, https:\/\/www.thorsten-schneider.com\/blog\/wp-content\/uploads\/2022\/09\/bluebrass_automatic_1-1024x768.jpg 1024w, https:\/\/www.thorsten-schneider.com\/blog\/wp-content\/uploads\/2022\/09\/bluebrass_automatic_1-768x576.jpg 768w, https:\/\/www.thorsten-schneider.com\/blog\/wp-content\/uploads\/2022\/09\/bluebrass_automatic_1-1536x1152.jpg 1536w\" sizes=\"auto, (max-width: 150px) 100vw, 150px\" \/><\/a><\/td><td><a href=\"https:\/\/www.thorsten-schneider.com\/blog\/united-colors-of-vostok\/\" data-type=\"page\" data-id=\"1182\"><img loading=\"lazy\" decoding=\"async\" width=\"150\" height=\"113\" class=\"wp-image-1932\" style=\"width: 150px;\" src=\"https:\/\/www.thorsten-schneider.com\/blog\/wp-content\/uploads\/2022\/12\/krasnok_amphibia_1_s.jpeg\" alt=\"\"><\/a><\/td><td><a href=\"https:\/\/www.thorsten-schneider.com\/blog\/white-walkers\/\" data-type=\"page\" data-id=\"1190\"><img loading=\"lazy\" decoding=\"async\" width=\"150\" height=\"113\" class=\"wp-image-1575\" style=\"width: 150px;\" src=\"https:\/\/www.thorsten-schneider.com\/blog\/wp-content\/uploads\/2022\/09\/white_city_master_1_s.jpeg\" alt=\"\"><\/a><\/td><\/tr><tr><td>&gt; Uhren aus Messing mit verschiedenfarbigen Zifferbl\u00e4ttern<br><a href=\"https:\/\/www.thorsten-schneider.com\/blog\/the-brass-band\/\">mehr &gt;<\/a><\/td><td>&gt; Uhren aus Edelstahl mit verschiedenfarbigen Zifferbl\u00e4ttern<br><a href=\"https:\/\/www.thorsten-schneider.com\/blog\/united-colors\/\">mehr &gt;<\/a><\/td><td>> Uhren aus Edelstahl mit wei\u00dfen oder gelumten Zifferbl\u00e4ttern<br><a href=\"https:\/\/www.thorsten-schneider.com\/blog\/white-walkers\/\">mehr ><\/a><\/td><\/tr><\/tbody><\/table><\/figure>\n\n\n\n<figure class=\"wp-block-table is-style-stripes\"><table class=\"has-fixed-layout\"><thead><tr><th><\/th><th><strong><a href=\"https:\/\/www.thorsten-schneider.com\/blog\/asian-mod-cooperative\/\" data-type=\"page\" data-id=\"2748\">Asian Mod Cooperative<\/a><\/strong><\/th><th><\/th><\/tr><\/thead><tbody><tr><td><\/td><td><a href=\"https:\/\/www.thorsten-schneider.com\/blog\/asian-mod-cooperative\/\" data-type=\"page\" data-id=\"2748\"><img loading=\"lazy\" decoding=\"async\" width=\"150\" height=\"113\" class=\"wp-image-2670\" style=\"width: 150px;\" src=\"https:\/\/www.thorsten-schneider.com\/blog\/wp-content\/uploads\/2024\/01\/samuwa_mauritius_s.jpeg\" alt=\"\"><\/a><\/td><td><\/td><\/tr><tr><td><\/td><td>> Automatikuhren mit Seiko- oder Miyota-Werk<br><a href=\"https:\/\/www.thorsten-schneider.com\/blog\/asian-mod-cooperative\/\" data-type=\"page\" data-id=\"2748\">mehr ><\/a><\/td><td><\/td><\/tr><\/tbody><\/table><figcaption class=\"wp-element-caption\">Anmerkung: Trotz der Vielzahl der hier abgebildeten Uhren verfolge ich damit keinerlei gesch\u00e4ftliche Interessen. Die Uhren habe ich lediglich im Rahmen meines pers\u00f6nlichen Hobbies umgebaut und werde sie weder verkaufen noch f\u00fcr Dritte Uhren auf Bestellung gegen Entgelt umgestalten. Daf\u00fcr gibt es Profis.<\/figcaption><\/figure>\n","protected":false},"excerpt":{"rendered":"<p>Seit 2019 baue ich mit wachsender Begeisterung (und einigen Materialverlusten) Vostok-Automatik- und -Handaufzugsuhren nach meinen Vorstellungen um &#8211; und seit 2023 in zunehmendem Ma\u00dfe auch Automatikuhren mit Seiko- und Miyota-Werken. Verschiedene untereinander kompatible Geh\u00e4use, unz\u00e4hlige passende Zifferbl\u00e4tter und L\u00fcnetten sowie eine stark gestiegene Auswahl an Drittanbieter-Teilen sorgen f\u00fcr eine fast unbegrenzte Vielfalt an Kombinationsm\u00f6glichkeiten. Wenn &hellip; <\/p>\n<p class=\"link-more\"><a href=\"https:\/\/www.thorsten-schneider.com\/blog\/dreizeiger\/\" class=\"more-link\"><span class=\"screen-reader-text\">\u201eDreizeiger\u201c <\/span>weiterlesen<\/a><\/p>\n","protected":false},"author":1,"featured_media":0,"parent":0,"menu_order":0,"comment_status":"closed","ping_status":"closed","template":"","meta":{"footnotes":""},"class_list":["post-18","page","type-page","status-publish","hentry"],"_links":{"self":[{"href":"https:\/\/www.thorsten-schneider.com\/blog\/wp-json\/wp\/v2\/pages\/18","targetHints":{"allow":["GET"]}}],"collection":[{"href":"https:\/\/www.thorsten-schneider.com\/blog\/wp-json\/wp\/v2\/pages"}],"about":[{"href":"https:\/\/www.thorsten-schneider.com\/blog\/wp-json\/wp\/v2\/types\/page"}],"author":[{"embeddable":true,"href":"https:\/\/www.thorsten-schneider.com\/blog\/wp-json\/wp\/v2\/users\/1"}],"replies":[{"embeddable":true,"href":"https:\/\/www.thorsten-schneider.com\/blog\/wp-json\/wp\/v2\/comments?post=18"}],"version-history":[{"count":47,"href":"https:\/\/www.thorsten-schneider.com\/blog\/wp-json\/wp\/v2\/pages\/18\/revisions"}],"predecessor-version":[{"id":2763,"href":"https:\/\/www.thorsten-schneider.com\/blog\/wp-json\/wp\/v2\/pages\/18\/revisions\/2763"}],"wp:attachment":[{"href":"https:\/\/www.thorsten-schneider.com\/blog\/wp-json\/wp\/v2\/media?parent=18"}],"curies":[{"name":"wp","href":"https:\/\/api.w.org\/{rel}","templated":true}]}}